{"id":140,"date":"2026-01-03T13:19:54","date_gmt":"2026-01-03T12:19:54","guid":{"rendered":"https:\/\/www.sanktgabriel.de\/?page_id=140"},"modified":"2026-02-04T00:18:03","modified_gmt":"2026-02-03T23:18:03","slug":"seelsorger","status":"publish","type":"page","link":"https:\/\/www.sanktgabriel.de\/index.php\/seelsorger\/","title":{"rendered":"Seelsorger"},"content":{"rendered":"\n<h2 class=\"wp-block-heading\">Pfarrvikar Andreas Lederer<\/h2>\n\n\n\n<div class=\"wp-block-group is-nowrap is-layout-flex wp-container-core-group-is-layout-ad2f72ca wp-block-group-is-layout-flex\">\n<p>Mein Name ist Andreas Lederer und ich bin der neue Pfarrvikar im Pfarrverband St. Gabriel Haidhausen und Hl. Blut Bogenhausen. Mitte September habe ich meinen Dienst hier begonnen und freue mich auf gute Kontakte, Gespr\u00e4che und darauf, den Glauben miteinander zu leben. <br><br>Herzlich gr\u00fc\u00dft Sie,<br>Ihr<br>Andreas Lederer, Pfrv<br><\/p>\n\n\n\n<div class=\"wp-block-media-text is-stacked-on-mobile\" style=\"grid-template-columns:85% auto\"><figure class=\"wp-block-media-text__media\"><img loading=\"lazy\" decoding=\"async\" width=\"375\" height=\"640\" src=\"https:\/\/www.sanktgabriel.de\/wp-content\/uploads\/2026\/01\/image002.png\" alt=\"\" class=\"wp-image-141 size-full\" srcset=\"https:\/\/www.sanktgabriel.de\/wp-content\/uploads\/2026\/01\/image002.png 375w, https:\/\/www.sanktgabriel.de\/wp-content\/uploads\/2026\/01\/image002-176x300.png 176w\" sizes=\"auto, (max-width: 375px) 100vw, 375px\" \/><\/figure><div class=\"wp-block-media-text__content\">\n<p><\/p>\n<\/div><\/div>\n\n\n\n<p><\/p>\n<\/div>\n\n\n\n<br>\n<br>\n\n<p><strong>Weitere Seelsorgerliche Angebote:<\/strong><\/p>\n\nDie Telefonseelsorge der Erzdi\u00f6zese erreichen Sie rund um die Uhr unter 0800 \/ 111 0 111 und 0800 \/ 111 0 222.\n\n\n\n<p><\/p>\n","protected":false},"excerpt":{"rendered":"<p>Pfarrvikar Andreas Lederer Mein Name ist Andreas Lederer und ich bin der neue Pfarrvikar im Pfarrverband St. Gabriel Haidhausen und Hl. Blut Bogenhausen. Mitte September habe ich meinen Dienst hier begonnen und freue mich auf gute Kontakte, Gespr\u00e4che und darauf, &hellip; <a href=\"https:\/\/www.sanktgabriel.de\/index.php\/seelsorger\/\">Weiterlesen <span class=\"meta-nav\">&rarr;<\/span><\/a><\/p>\n","protected":false},"author":1,"featured_media":0,"parent":0,"menu_order":0,"comment_status":"closed","ping_status":"closed","template":"","meta":{"_mc_calendar":[],"footnotes":""},"class_list":["post-140","page","type-page","status-publish","hentry"],"_links":{"self":[{"href":"https:\/\/www.sanktgabriel.de\/index.php\/wp-json\/wp\/v2\/pages\/140","targetHints":{"allow":["GET"]}}],"collection":[{"href":"https:\/\/www.sanktgabriel.de\/index.php\/wp-json\/wp\/v2\/pages"}],"about":[{"href":"https:\/\/www.sanktgabriel.de\/index.php\/wp-json\/wp\/v2\/types\/page"}],"author":[{"embeddable":true,"href":"https:\/\/www.sanktgabriel.de\/index.php\/wp-json\/wp\/v2\/users\/1"}],"replies":[{"embeddable":true,"href":"https:\/\/www.sanktgabriel.de\/index.php\/wp-json\/wp\/v2\/comments?post=140"}],"version-history":[{"count":9,"href":"https:\/\/www.sanktgabriel.de\/index.php\/wp-json\/wp\/v2\/pages\/140\/revisions"}],"predecessor-version":[{"id":729,"href":"https:\/\/www.sanktgabriel.de\/index.php\/wp-json\/wp\/v2\/pages\/140\/revisions\/729"}],"wp:attachment":[{"href":"https:\/\/www.sanktgabriel.de\/index.php\/wp-json\/wp\/v2\/media?parent=140"}],"curies":[{"name":"wp","href":"https:\/\/api.w.org\/{rel}","templated":true}]}}

<h2 class="wp-block-heading">Pfarrvikar Andreas Lederer</h2>



<div class="wp-block-group is-nowrap is-layout-flex wp-container-core-group-is-layout-ad2f72ca wp-block-group-is-layout-flex">
<p>Mein Name ist Andreas Lederer und ich bin der neue Pfarrvikar im Pfarrverband St. Gabriel Haidhausen und Hl. Blut Bogenhausen. Mitte September habe ich meinen Dienst hier begonnen und freue mich auf gute Kontakte, Gespräche und darauf, den Glauben miteinander zu leben. <br><br>Herzlich grüßt Sie,<br>Ihr<br>Andreas Lederer, Pfrv<br></p>



<div class="wp-block-media-text is-stacked-on-mobile" style="grid-template-columns:85% auto"><figure class="wp-block-media-text__media"><img loading="lazy" decoding="async" width="375" height="640" src="https://www.sanktgabriel.de/wp-content/uploads/2026/01/image002.png" alt="" class="wp-image-141 size-full" srcset="https://www.sanktgabriel.de/wp-content/uploads/2026/01/image002.png 375w, https://www.sanktgabriel.de/wp-content/uploads/2026/01/image002-176x300.png 176w" sizes="auto, (max-width: 375px) 100vw, 375px" /></figure><div class="wp-block-media-text__content">
<p></p>
</div></div>



<p></p>
</div>



<br>
<br>

<p><strong>Weitere Seelsorgerliche Angebote:</strong></p>

Die Telefonseelsorge der Erzdiözese erreichen Sie rund um die Uhr unter 0800 / 111 0 111 und 0800 / 111 0 222.



<p></p>

<p>Pfarrvikar Andreas Lederer Mein Name ist Andreas Lederer und ich bin der neue Pfarrvikar im Pfarrverband St. Gabriel Haidhausen und Hl. Blut Bogenhausen. Mitte September habe ich meinen Dienst hier begonnen und freue mich auf gute Kontakte, Gespräche und darauf, &hellip; <a href="https://www.sanktgabriel.de/index.php/seelsorger/">Weiterlesen <span class="meta-nav">&rarr;</span></a></p>
