{"id":291,"date":"2026-01-04T15:03:12","date_gmt":"2026-01-04T14:03:12","guid":{"rendered":"https:\/\/www.sanktgabriel.de\/?page_id=291"},"modified":"2026-03-18T23:53:13","modified_gmt":"2026-03-18T22:53:13","slug":"kinder-und-familie","status":"publish","type":"page","link":"https:\/\/www.sanktgabriel.de\/index.php\/kinder-und-familie\/","title":{"rendered":"Kinder und Familie"},"content":{"rendered":"\n<h2 class=\"wp-block-heading\">Kindergottesdienste<\/h2>\n\n\n\n<p>F\u00fcr alle Familien mit kleinen Kindern finden immer wieder Kindergottesdienste in der Werktagskapelle statt &#8211; entweder parallel zum normalen Gottesdienst oder im Anschluss daran.<\/p>\n\n\n\n<p>\u00dcber Eltern, die beim Vorbereiten und Organisieren mithelfen m\u00f6chten, w\u00fcrden wir uns sehr freuen.<br><\/p>\n\n\n\n<h2 class=\"wp-block-heading\">Familiengottesdienste<\/h2>\n\n\n\n<p>Die Gottesdienste finden in der Regel um 9.30 Uhr in der Pfarrkirche statt. Musikalisch gestaltet werden sie meist von den Gabrielsingers. In der Woche vor den Gottesdiensten finden Sie genaue Informationen auf Plakaten im Schaukasten vor der Kirche und \u00fcberall im Wohnviertel.<\/p>\n\n\n\n<p>M\u00f6chten Sie bei der inhaltlichen Gestaltung der Gottesdienste mitwirken? Dann kommen Sie doch einfach zu unseren Vorbereitungstreffen.<\/p>\n\n\n\n<p>Das Familiengottesdienst-Team besteht derzeit aus unserem Seelsorger und einer winzigen Elterngruppe aus der Gemeinde. Wir treffen uns ca. 2-3 Wochen vor dem jeweiligen Gottesdienst, um den Gottesdienst \u201cfamiliengerecht\u201d zu gestalten.<\/p>\n\n\n\n<p>Bei Interesse melden Sie sich bitte im Pfarrb\u00fcro, um den Termin f\u00fcr das n\u00e4chste Vorbereitungstreffen zu erfahren.<\/p>\n","protected":false},"excerpt":{"rendered":"<p>Kindergottesdienste F\u00fcr alle Familien mit kleinen Kindern finden immer wieder Kindergottesdienste in der Werktagskapelle statt &#8211; entweder parallel zum normalen Gottesdienst oder im Anschluss daran. \u00dcber Eltern, die beim Vorbereiten und Organisieren mithelfen m\u00f6chten, w\u00fcrden wir uns sehr freuen. Familiengottesdienste &hellip; <a href=\"https:\/\/www.sanktgabriel.de\/index.php\/kinder-und-familie\/\">Weiterlesen <span class=\"meta-nav\">&rarr;<\/span><\/a><\/p>\n","protected":false},"author":1,"featured_media":0,"parent":0,"menu_order":0,"comment_status":"closed","ping_status":"closed","template":"","meta":{"_mc_calendar":[],"footnotes":""},"class_list":["post-291","page","type-page","status-publish","hentry"],"_links":{"self":[{"href":"https:\/\/www.sanktgabriel.de\/index.php\/wp-json\/wp\/v2\/pages\/291","targetHints":{"allow":["GET"]}}],"collection":[{"href":"https:\/\/www.sanktgabriel.de\/index.php\/wp-json\/wp\/v2\/pages"}],"about":[{"href":"https:\/\/www.sanktgabriel.de\/index.php\/wp-json\/wp\/v2\/types\/page"}],"author":[{"embeddable":true,"href":"https:\/\/www.sanktgabriel.de\/index.php\/wp-json\/wp\/v2\/users\/1"}],"replies":[{"embeddable":true,"href":"https:\/\/www.sanktgabriel.de\/index.php\/wp-json\/wp\/v2\/comments?post=291"}],"version-history":[{"count":7,"href":"https:\/\/www.sanktgabriel.de\/index.php\/wp-json\/wp\/v2\/pages\/291\/revisions"}],"predecessor-version":[{"id":807,"href":"https:\/\/www.sanktgabriel.de\/index.php\/wp-json\/wp\/v2\/pages\/291\/revisions\/807"}],"wp:attachment":[{"href":"https:\/\/www.sanktgabriel.de\/index.php\/wp-json\/wp\/v2\/media?parent=291"}],"curies":[{"name":"wp","href":"https:\/\/api.w.org\/{rel}","templated":true}]}}