{"id":301,"date":"2026-01-04T15:07:21","date_gmt":"2026-01-04T14:07:21","guid":{"rendered":"https:\/\/www.sanktgabriel.de\/?page_id=301"},"modified":"2026-01-04T15:07:21","modified_gmt":"2026-01-04T14:07:21","slug":"erwachsene","status":"publish","type":"page","link":"https:\/\/www.sanktgabriel.de\/index.php\/erwachsene\/","title":{"rendered":"Erwachsene"},"content":{"rendered":"\n<h3 class=\"wp-block-heading\">Erwachsenenbildung<\/h3>\n\n\n\n<p>Im Rahmen der Erwachsenenbildung finden in regelm\u00e4\u00dfigen Abst\u00e4nden Ausstellungsbesuche, F\u00fchrungen und auch Stadtrundg\u00e4nge statt.<\/p>\n\n\n\n<p>Weitere Informationen werden bei Gelegenheit zur Verf\u00fcgung gestellt.<\/p>\n","protected":false},"excerpt":{"rendered":"<p>Erwachsenenbildung Im Rahmen der Erwachsenenbildung finden in regelm\u00e4\u00dfigen Abst\u00e4nden Ausstellungsbesuche, F\u00fchrungen und auch Stadtrundg\u00e4nge statt. Weitere Informationen werden bei Gelegenheit zur Verf\u00fcgung gestellt.<\/p>\n","protected":false},"author":1,"featured_media":0,"parent":0,"menu_order":0,"comment_status":"closed","ping_status":"closed","template":"","meta":{"_mc_calendar":[],"footnotes":""},"class_list":["post-301","page","type-page","status-publish","hentry"],"_links":{"self":[{"href":"https:\/\/www.sanktgabriel.de\/index.php\/wp-json\/wp\/v2\/pages\/301","targetHints":{"allow":["GET"]}}],"collection":[{"href":"https:\/\/www.sanktgabriel.de\/index.php\/wp-json\/wp\/v2\/pages"}],"about":[{"href":"https:\/\/www.sanktgabriel.de\/index.php\/wp-json\/wp\/v2\/types\/page"}],"author":[{"embeddable":true,"href":"https:\/\/www.sanktgabriel.de\/index.php\/wp-json\/wp\/v2\/users\/1"}],"replies":[{"embeddable":true,"href":"https:\/\/www.sanktgabriel.de\/index.php\/wp-json\/wp\/v2\/comments?post=301"}],"version-history":[{"count":1,"href":"https:\/\/www.sanktgabriel.de\/index.php\/wp-json\/wp\/v2\/pages\/301\/revisions"}],"predecessor-version":[{"id":303,"href":"https:\/\/www.sanktgabriel.de\/index.php\/wp-json\/wp\/v2\/pages\/301\/revisions\/303"}],"wp:attachment":[{"href":"https:\/\/www.sanktgabriel.de\/index.php\/wp-json\/wp\/v2\/media?parent=301"}],"curies":[{"name":"wp","href":"https:\/\/api.w.org\/{rel}","templated":true}]}}